 1827?
1
What is the hundreds digit of 242?
2
What is the tens digit of 89014?
1
What is the ten thousands digit of 21833?
2
What is the units digit of 2313?
3
What is the thousands digit of 10241?
0
What is the tens digit of 3149?
4
What is the units digit of 1326?
6
What is the hundreds digit of 38202?
2
What is the thousands digit of 2462?
2
What is the tens digit of 1690?
9
What is the thousands digit of 3424?
3
What is the hundreds digit of 56187?
1
What is the hundreds digit of 1366?
3
What is the thousands digit of 11865?
1
What is the units digit of 11081?
1
What is the tens digit of 7441?
4
What is the ten thousands digit of 46670?
4
What is the tens digit of 8404?
0
What is the units digit of 5996?
6
What is the thousands digit of 1147?
1
What is the tens digit of 49581?
8
What is the tens digit of 49?
4
What is the thousands digit of 6115?
6
What is the units digit of 67514?
4
What is the hundreds digit of 3390?
3
What is the hundreds digit of 489?
4
What is the thousands digit of 18702?
8
What is the units digit of 369?
9
What is the hundreds digit of 535?
5
What is the units digit of 967?
7
What is the thousands digit of 6503?
6
What is the units digit of 2196?
6
What is the thousands digit of 130328?
0
What is the units digit of 926?
6
What is the hundreds digit of 31869?
8
What is the units digit of 9942?
2
What is the thousands digit of 13370?
3
What is the units digit of 68?
8
What is the tens digit of 33589?
8
What is the hundreds digit of 610?
6
What is the ten thousands digit of 29660?
2
What is the thousands digit of 10802?
0
What is the thousands digit of 75116?
5
What is the thousands digit of 2919?
2
What is the hundreds digit of 7538?
5
What is the thousands digit of 7343?
7
What is the units digit of 2996?
6
What is the thousands digit of 21308?
1
What is the units digit of 465?
5
What is the hundreds digit of 793?
7
What is the thousands digit of 2110?
2
What is the thousands digit of 1221?
1
What is the tens digit of 52607?
0
What is the hundreds digit of 18238?
2
What is the ten thousands digit of 26358?
2
What is the ten thousands digit of 144474?
4
What is the hundreds digit of 27949?
9
What is the units digit of 14492?
2
What is the units digit of 4383?
3
What is the tens digit of 1772?
7
What is the units digit of 855?
5
What is the thousands digit of 38584?
8
What is the tens digit of 2849?
4
What is the hundreds digit of 1855?
8
What is the units digit of 1013?
3
What is the tens digit of 3359?
5
What is the tens digit of 14549?
4
What is the tens digit of 487?
8
What is the thousands digit of 3914?
3
What is the units digit of 899?
9
What is the units digit of 4003?
3
What is the thousands digit of 2469?
2
What is the tens digit of 270?
7
What is the ten thousands digit of 28570?
2
What is the tens digit of 1223?
2
What is the hundreds digit of 10929?
9
What is the hundreds digit of 29468?
4
What is the hundreds digit of 70180?
1
What is the tens digit of 28278?
7
What is the units digit of 88670?
0
What is the tens digit of 1128?
2
What is the ten thousands digit of 12442?
1
What is the tens digit of 666?
6
What is the units digit of 45331?
1
What is the tens digit of 23?
2
What is the tens digit of 20491?
9
What is the units digit of 114?
4
What is the units digit of 1116?
6
What is the tens digit of 13704?
0
What is the hundreds digit of 2974?
9
What is the thousands digit of 5271?
5
What is the tens digit of 516?
1
What is the units digit of 1685?
5
What is the units digit of 3394?
4
What is the ten thousands digit of 198095?
9
What is the hundreds digit of 39369?
3
What is the units digit of 578?
8
What is the thousands digit of 2082?
2
What is the hundreds digit of 8067?
0
What is the tens digit of 3579?
7
What is the thousands digit of 103654?
3
What is the tens digit of 3294?
9
What is the thousands digit of 4131?
4
What is the units digit of 600?
0
What is the thousands digit of 11640?
1
What is the tens digit of 871?
7
What is the hundreds digit of 36923?
9
What is the hundreds digit of 45094?
0
What is the units digit of 65215?
5
What is the hundreds digit of 9969?
9
What is the hundreds digit of 1433?
4
What is the ten thousands digit of 16598?
1
What is the thousands digit of 1874?
1
What is the thousands digit of 1515?
1
What is the ten thousands digit of 46938?
4
What is the units digit of 592?
2
What is the units digit of 684?
4
What is the ten thousands digit of 35671?
3
What is the units digit of 3008?
8
What is the tens digit of 64359?
5
What is the thousands digit of 40820?
0
What is the units digit of 1296?
6
What is the tens digit of 2325?
2
What is the hundreds digit of 1678?
6
What is the hundreds digit of 905?
9
What is the tens digit of 13954?
5
What is the thousands digit of 4205?
4
What is the units digit of 60612?
2
What is the ten thousands digit of 11498?
1
What is the hundreds digit of 6204?
2
What is the units digit of 38752?
2
What is the tens digit of 2350?
5
What is the units digit of 661?
1
What is the units digit of 34164?
4
What is the tens digit of 1283?
8
What is the ten thousands digit of 20274?
2
What is the hundreds digit of 47683?
6
What is the tens digit of 3943?
4
What is the units digit of 6968?
8
What is the tens digit of 3932?
3
What is the units digit of 539?
9
What is the thousands digit of 2860?
2
What is the tens digit of 4412?
1
What is the tens digit of 2022?
2
What is the units digit of 51083?
3
What is the ten thousands digit of 89724?
8
What is the thousands digit of 1997?
1
What is the hundreds digit of 266?
2
What is the tens digit of 174?
7
What is the tens digit of 20550?
5
What is the units digit of 3715?
5
What is the ten thousands digit of 33524?
3
What is the thousands digit of 16603?
6
What is the units digit of 109?
9
What is the hundreds digit of 2556?
5
What is the thousands digit of 26019?
6
What is the tens digit of 893?
9
What is the tens digit of 57951?
5
What is the tens digit of 10605?
0
What is the hundreds digit of 11894?
8
What is the units digit of 131206?
6
What is the units digit of 9765?
5
What is the hundreds digit of 334?
3
What is the units digit of 3085?
5
What is the hundreds digit of 23921?
9
What is the ten thousands digit of 17213?
1
What is the tens digit of 2778?
7
What is the tens digit of 887?
8
What is the hundreds digit of 7207?
2
What is the ten thousands digit of 25308?
2
What is the units digit of 1903?
3
What is the hundreds digit of 6364?
3
What is the units digit of 1866?
6
What is the ten thousands digit of 28906?
2
What is the thousands digit of 71726?
1
What is the tens digit of 357?
5
What is the hundreds digit of 142392?
3
What is the hundreds digit of 4393?
3
What is the thousands digit of 1835?
1
What is the units digit of 2586?
6
What is the tens digit of 2996?
9
What is the tens digit of 53?
5
What is the units digit of 28165?
5
What is the units digit of 3653?
3
What is the tens digit of 7371?
7
What is the thousands digit of 1752?
1
What is the units digit of 470?
0
What is the units digit of 58?
8
What is the hundreds digit of 161?
1
What is the hundreds digit of 29543?
5
What is the tens digit of 68?
6
What is the units digit of 19999?
9
What is the ten thousands digit of 43854?
4
What is the hundreds digit of 960?
9
What is the thousands digit of 37675?
7
What is the hundreds digit of 2012?
0
What is the hundreds digit of 32081?
0
What is the hundreds digit of 21412?
4
What is the hundreds digit of 133029?
0
What is the units digit of 8308?
8
What is the tens digit of 809?
0
What is the thousands digit of 4009?
4
What is the thousands digit of 62010?
2
What is the units digit of 70486?
6
What is the thousands digit of 1772?
1
What is the units digit of 4903?
3
What is the units digit of 551?
1
What is the tens digit of 1865?
6
What is the hundreds digit of 22993?
9
What is the thousands digit of 2099?
2
What is the hundreds digit of 13291?
2
What is the ten thousands digit of 16218?
1
What is the tens digit of 4395?
9
What is the hundreds digit of 507?
5
What is the tens digit of 6679?
7
What is the tens digit of 390?
9
What is the tens digit of 2350?
5
What is the units digit of 46362?
2
What is the tens digit of 339?
3
What is the tens digit of 12593?
9
What is the hundreds digit of 55